{"id":786,"date":"2014-03-25T07:11:19","date_gmt":"2014-03-25T05:11:19","guid":{"rendered":"https:\/\/mb2014.fun2u.at\/?page_id=786"},"modified":"2014-04-04T16:20:46","modified_gmt":"2014-04-04T14:20:46","slug":"klassentreffen","status":"publish","type":"page","link":"https:\/\/mb2014.fun2u.at\/?page_id=786","title":{"rendered":"Klassentreffen"},"content":{"rendered":"<h4>Leider kam es nur selten (bis nie) zu einem KLassentreffen &#8211; und selbst wenn wurde es uns nicht leicht gemacht (Kennt Ihr noch alle Antworten):<\/h4>\n<table>\n<tbody>\n<tr>\n<td colspan=\"2\"><strong>Einladung zum &#8230;?<\/strong><\/td>\n<\/tr>\n<tr>\n<td colspan=\"2\">In meiner Eigenschaft als Vertreter einer wohldefinierten, geordneten wie endlichen Menge von Personen, welche am 21. des Monats Mai, anno 1984, die Pr\u00fcfung ihrer, bis dahin nicht nachgewiesenen Reife abgelegt haben, bin ich im langj\u00e4hrigen Bem\u00fchen ein Zusammentreffen der oben genannten Personen herbeizuf\u00fchren auf folgende L\u00f6sungswege gesto\u00dfen<\/td>\n<\/tr>\n<tr>\n<td colspan=\"2\"><strong>Problemanalyse: <\/strong>Eine Menge von 22 Elementen ist zu einem bestimmten Zeitpunkt Z an einem wohldefinierten Ort X zusammenzufassen.<\/td>\n<\/tr>\n<tr>\n<td colspan=\"2\"><strong>L\u00f6sungsans\u00e4tze<\/strong><\/td>\n<\/tr>\n<tr>\n<td><strong>1. Newton,<\/strong> auf das Problem angesprochen, schlug folgendes vor: Alle K\u00f6rper der Menge ziehen sich durch die Gravitationskraft an. Bei Vernachl\u00e4ssigung der Reibung ist es nur eine Frage der Zeit, bis sich alle Personen an einem Ort treffen. Nach Versagen dieser, an sich so plausiblen Methode erkundigten wir uns bei &#8230;<\/td>\n<td><strong> 2. Erwin Schr\u00f6dinger<\/strong> (siehe 1000 Schilling-Note &#8211; Gott ist das schon lange her) wie das Problem zu l\u00f6sen sei. Er erkl\u00e4rte uns, die Wahrscheinlichkeit daf\u00fcr, dass alle Personen sich zu einem beliebigen Zeitpunkt, in einem Gasthaus befinden, gr\u00f6\u00dfer als Null sei (Voraussetzung: Das Gasthaus ist nicht geschlossen). Man braucht sich also blo\u00df hinzusetzen und zu warten. Nach monatelanger sinnloser Warterei haben wir uns doch entschlossen eine eigen Methode zu entwickeln:<\/td>\n<\/tr>\n<tr>\n<td><strong>3a. graphischer Ansatz<\/strong><img loading=\"lazy\" decoding=\"async\" class=\"alignleft size-full wp-image-793\" alt=\"htl_klassentreffen_grafisch\" src=\"https:\/\/mb2014.fun2u.at\/wp-content\/uploads\/2014\/03\/htl_klassentreffen_grafisch.jpg\" width=\"300\" height=\"182\" \/><\/td>\n<td><strong>3b. Datum des Treffens<\/strong>Das Datum ergibt sich aus der L\u00f6sung der folgenden Gleichung:<\/p>\n<p>d\u00b2 &#8211; 23d + 60 = 0<\/p>\n<p>d = d1 . d2 . 1987<\/p>\n<p>(L\u00f6sung: d = 20 . 3 . 1987)<\/td>\n<\/tr>\n<tr>\n<td><strong>3c. Ort des Treffens<\/strong><br \/>\n<img loading=\"lazy\" decoding=\"async\" class=\"size-medium wp-image-794 alignnone\" alt=\"htl_klassentreffen_cross\" src=\"https:\/\/mb2014.fun2u.at\/wp-content\/uploads\/2014\/03\/htl_klassentreffen_cross-197x300.jpg\" width=\"197\" height=\"300\" srcset=\"https:\/\/mb2014.fun2u.at\/wp-content\/uploads\/2014\/03\/htl_klassentreffen_cross-197x300.jpg 197w, https:\/\/mb2014.fun2u.at\/wp-content\/uploads\/2014\/03\/htl_klassentreffen_cross.jpg 246w\" sizes=\"(max-width: 197px) 100vw, 197px\" \/><br \/>\nwaagrecht:<br \/>\n1: Klassenletzter<br \/>\n2: B\u00e4r&#8217;s Lieblingsgegenstand<br \/>\n3: Kleiner Lehrer mit Vollbart<br \/>\n4: Lieblingslokal eines ET-Lehrers<br \/>\n5: Sammelbegriff f\u00fcr Petrus und Pfleger<br \/>\n6: Headmaster of the Physikkammerl<br \/>\n7: flotte Assistentin<br \/>\n8: australischer Laufvogel<br \/>\n9: (Maschinen-) Bauer<br \/>\n10: Liaba Freind<br \/>\n11: Willy-Bauer (besonders flott)<br \/>\n12: Klassenerster<br \/>\n13: Nachschlagewerk f\u00fcr Fehlstunden<br \/>\n14: Was holte Manfred P. meist aus dem Buffet?<br \/>\n15: Schulnaher Stangler-Treff (Cafe)<br \/>\n16: First Lady<br \/>\n17: Ort einer feuchtfr\u00f6hlichen Kulturreise<\/td>\n<td><strong>3d. Zeit des Treffens<\/strong><\/p>\n<ul>\n<li>Wie lange dauerte der 30-j\u00e4hrige Krieg?<\/li>\n<li>Wie alt war Stadler an seinem 5-ten Geburtstag?<\/li>\n<li>Warum lie\u00df sich Andreas M. einen Vollbart wachsen?<\/li>\n<li>Warum wurde Emu Beamter?<\/li>\n<li>Warum geht Hollergschwandtner nicht mehr ins Casino?<\/li>\n<li>Warum treffen wir uns um 19 Uhr?<\/li>\n<li>Ist Gerhard P. in den Skandal der AUA-Freitickets verwickelt?<\/li>\n<li>Warum tauschte Stefan H. seinen schicken Hubertusmantel gegen einen mit Fischgr\u00e4tmuster?<\/li>\n<li>Warum kam Franz B. im Pyjama ins Kaffeehaus?<\/li>\n<li>Ganz Paris tr\u00e4umt von der Liebe. Wovon tr\u00e4umt Martin B.?<\/li>\n<li>Gibt es noch Rettung f\u00fcr die Verfasser dieses Briefes???<\/li>\n<\/ul>\n<\/td>\n<\/tr>\n<\/tbody>\n<\/table>\n","protected":false},"excerpt":{"rendered":"<p>Leider kam es nur selten (bis nie) zu einem KLassentreffen &#8211; und selbst wenn wurde es uns nicht leicht gemacht (Kennt Ihr noch alle Antworten): Einladung zum &#8230;? In meiner Eigenschaft als Vertreter einer wohldefinierten, geordneten wie endlichen Menge von Personen, welche am 21. des Monats Mai, anno 1984, die Pr\u00fcfung ihrer, bis dahin nicht [&hellip;]<\/p>\n","protected":false},"author":1,"featured_media":0,"parent":784,"menu_order":1,"comment_status":"closed","ping_status":"closed","template":"","meta":{"footnotes":""},"_links":{"self":[{"href":"https:\/\/mb2014.fun2u.at\/index.php?rest_route=\/wp\/v2\/pages\/786"}],"collection":[{"href":"https:\/\/mb2014.fun2u.at\/index.php?rest_route=\/wp\/v2\/pages"}],"about":[{"href":"https:\/\/mb2014.fun2u.at\/index.php?rest_route=\/wp\/v2\/types\/page"}],"author":[{"embeddable":true,"href":"https:\/\/mb2014.fun2u.at\/index.php?rest_route=\/wp\/v2\/users\/1"}],"replies":[{"embeddable":true,"href":"https:\/\/mb2014.fun2u.at\/index.php?rest_route=%2Fwp%2Fv2%2Fcomments&post=786"}],"version-history":[{"count":21,"href":"https:\/\/mb2014.fun2u.at\/index.php?rest_route=\/wp\/v2\/pages\/786\/revisions"}],"predecessor-version":[{"id":901,"href":"https:\/\/mb2014.fun2u.at\/index.php?rest_route=\/wp\/v2\/pages\/786\/revisions\/901"}],"up":[{"embeddable":true,"href":"https:\/\/mb2014.fun2u.at\/index.php?rest_route=\/wp\/v2\/pages\/784"}],"wp:attachment":[{"href":"https:\/\/mb2014.fun2u.at\/index.php?rest_route=%2Fwp%2Fv2%2Fmedia&parent=786"}],"curies":[{"name":"wp","href":"https:\/\/api.w.org\/{rel}","templated":true}]}}